{"id":2421,"date":"2017-02-27T04:05:47","date_gmt":"2017-02-27T04:05:47","guid":{"rendered":"http:\/\/ipcb.org.br\/index\/?page_id=2421"},"modified":"2018-03-19T18:57:21","modified_gmt":"2018-03-19T18:57:21","slug":"departamento-missionario","status":"publish","type":"page","link":"https:\/\/ipcb.org.br\/index\/departamento-missionario\/","title":{"rendered":"Departamento Mission\u00e1rio"},"content":{"rendered":"<h3 style=\"text-align: center;\"><strong>CAMPOS DA MISS\u00c3O COM OS RESPECTIVOS OBREIROS<\/strong><\/h3>\n<p><strong>\u00a01. <\/strong><strong>Congrega\u00e7\u00e3o Mission\u00e1ria de Rio Branco<\/strong><\/p>\n<p>Respons\u00e1vel: Rev. Den\u00edlson Claro de Sousa.<\/p>\n<p>E-mail: <em><a href=\"mailto:dcsrb@hotmail.com\">dcsrb@hotmail.com<\/a><\/em><\/p>\n<p>Rua Mendes S\u00e1, 535, Bahia Velha.<\/p>\n<p>CEP 69.911-564 \u2013 Rio Branco \u2013AC. Tel: 068.3242-2875<em>. \u00a0<\/em><\/p>\n<p>&nbsp;<\/p>\n<p><strong>\u00a02.<\/strong><strong>Congrega\u00e7\u00e3o Mission\u00e1ria de Ouro Preto d\u00b4Oeste<\/strong><\/p>\n<p>Respons\u00e1vel: Rev. Den\u00edlson Claro de Sousa.<\/p>\n<p>Rua Rio de Janeiro, 574, Setor 2.<\/p>\n<p>CEP\u00a0 78.950-000 \u2013 Ouro Preto d\u00b4Oeste \u2013 RO. Fone: 069.3461-3082. Cel. 9961-0316.<strong><br \/>\n<\/strong><\/p>\n<p>&nbsp;<\/p>\n<p><strong>3.Congrega\u00e7\u00e3o Mission\u00e1ria de Cerejeiras<\/strong><\/p>\n<p>Respons\u00e1vel: Rev. Den\u00edlson Claro de Sousa<\/p>\n<p>Rua Joaquim Cardoso dos Santos, 1.670.<\/p>\n<p>CEP 78.997-000 \u2013 Cerejeiras \u2013 RO<em>.<\/em><\/p>\n<p>&nbsp;<\/p>\n<p><strong>4. Congrega\u00e7\u00e3o Mission\u00e1ria de Cruzeiro do Sul. <\/strong><\/p>\n<p>Respons\u00e1vel: Evangelista Amar\u00edzio Teles de Menezes.<\/p>\n<p>Email: <em><a href=\"mailto:Jonatas_ac2004@hotmail.com\">Jonatas_ac2004@hotmail.com<\/a><\/em><\/p>\n<p>Rua Alagoas, 1051, Tel\u00e9grafo.<\/p>\n<p>CEP 69.980-000 &#8211; Cruzeiro do Sul \u2013 AC.<em>.<\/em> Fone: 068.3322-2430<\/p>\n<p>&nbsp;<\/p>\n<p><strong>\u00a05. <\/strong><strong>Congrega\u00e7\u00e3o Mission\u00e1ria de Guaxup\u00e9<\/strong><\/p>\n<p>Respons\u00e1vel: Diretoria do Departamento<\/p>\n<p>Fone: 035.3551.4445.<\/p>\n<p>Rua Jacob Miguel Sabage, 126 , Jd. Coragem.<\/p>\n<p>CEP 37.800-000 \u2013 Guaxup\u00e9 \u2013 MG.<\/p>\n<p>&nbsp;<\/p>\n<p><strong>6. <\/strong><strong>Congrega\u00e7\u00e3o Mission\u00e1ria da Aldeia Ipegue<\/strong><\/p>\n<p>Respons\u00e1vel: Rev. Jo\u00e3o Fermino.<\/p>\n<p>Caixa Postal 137<\/p>\n<p>CEP 79.200-000 \u2013 Aquidauana &#8211; MS. Fone: 067.9929.7651.<\/p>\n<p>&nbsp;<\/p>\n<p><strong>\u00a07. <\/strong><strong>Congrega\u00e7\u00e3o Mission\u00e1ria de Caruaru<\/strong><\/p>\n<p>Respons\u00e1vel: Rev. Marcos Roberto da Silva.<\/p>\n<p>Email: <em><a href=\"mailto:marcosipcb@hotmail.com\">marcosipcb@hotmail.com<\/a><\/em><\/p>\n<p>Rua It\u00e1lia, 44 \u2013 Divin\u00f3polis, CEP 55.010-200 \u2013 Caruaru \u2013 PE.<\/p>\n<p>Endere\u00e7o Pastoral: Rua Petr\u00f4nio dos Santos, 155, Inocop<\/p>\n<p>CEP 55.024-720 Caruaru \u2013 PE. Fone: 081.3045-2271; 9715.4374 (Tim).<\/p>\n<p>&nbsp;<\/p>\n<p><strong>8. <\/strong><strong>Congrega\u00e7\u00e3o Mission\u00e1ria de Agrestina<\/strong><\/p>\n<p>Respons\u00e1vel: Obreiro Adalberto Masc\u00eana de Lima Junior.<\/p>\n<p>Email: <em><a href=\"mailto:jrinfralapsoriano@yahoo.com.br\">jrinfralapsoriano@yahoo.com.br<\/a><\/em><\/p>\n<p>Rua Prefeito Sebasti\u00e3o Grande, 22 \u2013 Centro<\/p>\n<p>CEP 55495-000 \u2013 Agrestina \u2013 PE.<\/p>\n<p>Endere\u00e7o do obreiro: Rua da Palma, 120, Apto. 201\u2013 S\u00e3o Francisco<\/p>\n<p>CEP 55.006-110 \u2013 Caruaru \u2013 PE.<\/p>\n<p>&nbsp;<\/p>\n<p><strong>9. Congrega\u00e7\u00e3o Mission\u00e1ria de Bezerros<\/strong><\/p>\n<p>Respons\u00e1vel \u2013 Reverendo Marcos Roberto da Silva<\/p>\n<p>Av, F\u00e9lix Rocha Wanderley, 20-B \u2013 Santo Amaro.<\/p>\n<p>CEP 55.660-000 \u2013 Bezerros \u2013 PE.<\/p>\n<p>&nbsp;<\/p>\n<p><strong>10. Congrega\u00e7\u00e3o Mission\u00e1ria de Macei\u00f3<\/strong><\/p>\n<p>Respons\u00e1vel: Evang. Antonio Cordeiro Vasconcelos.<\/p>\n<p>Email: <a href=\"mailto:cordeirovasconcelos@ig.com.br\">cordeirovasconcelos@ig.com.br<\/a><\/p>\n<p>Rua Maria Vit\u00f3ria de Fran\u00e7a e Chaves, 38 \u2013 Po\u00e7o<\/p>\n<p>CEP 57.025-870 \u2013 Macei\u00f3 \u2013 AL<\/p>\n<p>&nbsp;<\/p>\n<p><strong>11. Campo Mission\u00e1rio de Tabatinga\/AM.<\/strong><\/p>\n<p>Respons\u00e1vel: Evangelista Enok Leon Vasquez.<\/p>\n<p>Email: <a href=\"mailto:coramazon@hotmail.com\">coramazon@hotmail.com<\/a><\/p>\n<p>Rua Pastor Elisario, 11 \u2013 Vila Verde<\/p>\n<p>Caixa Postal 15<\/p>\n<p>CEP 69.640-970 \u2013 Tabatinga \u2013 AM.<\/p>\n<p>Fone: 97.81070240; 81026108 (Tim); 91504399 (Vivo)<\/p>\n<p><strong>\u00a0<\/strong><\/p>\n<p><strong>\u00a0Campo do Grande Recife: <\/strong><\/p>\n<p><strong>Respons\u00e1vel: Rev. Jaziel Campina Cunha. <\/strong><\/p>\n<p><strong>Email: <\/strong><em>jazielcunha@bol.com.br<\/em><\/p>\n<p>Rua Nossa Senhora da Penha 400 A Bairro Cajueiro Seco &#8211;\u00a0 Jaboat\u00e3o dos Guararapes PE. Fone: 081.8725-8778<\/p>\n<p><strong>\u00a0<\/strong><\/p>\n<p><strong>12. Congrega\u00e7\u00e3o Mission\u00e1ria de Artur Lungdgren I<\/strong><\/p>\n<p>Av. S\u00e3o Pedro, S\/N, Paratibe<\/p>\n<p>Paulista \u2013 PE.<\/p>\n<p><strong>\u00a0<\/strong><\/p>\n<p><strong>13. Congrega\u00e7\u00e3o Mission\u00e1ria de Jaboat\u00e3o dos Guararapes<\/strong><\/p>\n<p>Rua Um, S\/N \u2013 Bairro Prazeres<\/p>\n<p>Jaboat\u00e3o dos Guararapes \u2013 PE.<\/p>\n<p>&nbsp;<\/p>\n<p><strong>14. Congrega\u00e7\u00e3o Mission\u00e1ria de Brejo da Madre de Deus<\/strong><\/p>\n<p>Rua Valentim Tavares, 19 \u2013 Morro M\u00e3e Rainha<\/p>\n<p>Brejo da Madre de Deus \u2013 PE.<\/p>\n<p>&nbsp;<\/p>\n<p><strong>15.Ponto Mission\u00e1rio Vit\u00f3ria do Santo Ant\u00e3o<\/strong><\/p>\n<p>Rua Santo Ant\u00f4nio, 169 \u2013 Loteamento Real<\/p>\n<p>Vit\u00f3ria do Santo Ant\u00e3o \u2013 PE.<\/p>\n<p>&nbsp;<\/p>\n<p style=\"text-align: right;\"><strong>Orem, contribuam e entrem em contato com esses Campos e Obreiros.<\/strong><\/p>\n<p><strong><em>\u00a0\u201cPortanto ide, fazei disc\u00edpulos\u00a0 de todas as na\u00e7\u00f5es, batizando-os em nome do Pai, do Filho e do Esp\u00edrito Santo\u201d (Mt. 28.19)<\/em><\/strong><\/p>\n<p style=\"text-align: right;\"><strong><em>\u00a0Banco Bradesco S\/A. Ag\u00eancia 109, conta corrente 249.296-2<\/em><\/strong><\/p>\n","protected":false},"excerpt":{"rendered":"<p>CAMPOS DA MISS\u00c3O COM OS RESPECTIVOS OBREIROS \u00a01. Congrega\u00e7\u00e3o Mission\u00e1ria de Rio Branco Respons\u00e1vel: Rev. Den\u00edlson Claro de Sousa. E-mail: dcsrb@hotmail.com Rua Mendes S\u00e1, 535, Bahia Velha. CEP 69.911-564 \u2013 Rio Branco \u2013AC. Tel: 068.3242-2875. \u00a0 &nbsp; \u00a02.Congrega\u00e7\u00e3o Mission\u00e1ria de Ouro Preto d\u00b4Oeste Respons\u00e1vel: Rev. Den\u00edlson Claro de Sousa. Rua Rio de Janeiro, 574, Setor 2. CEP\u00a0 78.950-000 \u2013 Ouro Preto d\u00b4Oeste \u2013 RO. Fone: 069.3461-3082. Cel. 9961-0316. &nbsp; 3.Congrega\u00e7\u00e3o Mission\u00e1ria de Cerejeiras Respons\u00e1vel: Rev. Den\u00edlson Claro de Sousa Rua Joaquim Cardoso dos Santos, 1.670. CEP 78.997-000 \u2013 Cerejeiras \u2013 RO. &nbsp; 4. Congrega\u00e7\u00e3o Mission\u00e1ria de Cruzeiro do Sul. Respons\u00e1vel: Evangelista Amar\u00edzio Teles de Menezes. Email: Jonatas_ac2004@hotmail.com Rua Alagoas, 1051, Tel\u00e9grafo. CEP 69.980-000 &#8211; Cruzeiro do Sul \u2013 AC.. Fone: 068.3322-2430 &nbsp; \u00a05. Congrega\u00e7\u00e3o Mission\u00e1ria de Guaxup\u00e9 Respons\u00e1vel: Diretoria do Departamento Fone: 035.3551.4445. Rua Jacob Miguel Sabage, 126 , Jd. Coragem. CEP 37.800-000 \u2013 Guaxup\u00e9 \u2013 MG. &nbsp; 6. Congrega\u00e7\u00e3o<span class=\"excerpt-hellip\"> [\u2026]<\/span><\/p>\n","protected":false},"author":1,"featured_media":0,"parent":0,"menu_order":0,"comment_status":"closed","ping_status":"closed","template":"","meta":{"footnotes":""},"yoast_head":"<!-- This site is optimized with the Yoast SEO plugin v22.6 - https:\/\/yoast.com\/wordpress\/plugins\/seo\/ -->\n<title>Departamento Mission\u00e1rio - IPCB<\/title>\n<meta name=\"robots\" content=\"index, follow, max-snippet:-1, max-image-preview:large, max-video-preview:-1\" \/>\n<link rel=\"canonical\" href=\"https:\/\/ipcb.org.br\/index\/departamento-missionario\/\" \/>\n<meta property=\"og:locale\" content=\"pt_BR\" \/>\n<meta property=\"og:type\" content=\"article\" \/>\n<meta property=\"og:title\" content=\"Departamento Mission\u00e1rio - IPCB\" \/>\n<meta property=\"og:description\" content=\"CAMPOS DA MISS\u00c3O COM OS RESPECTIVOS OBREIROS \u00a01. Congrega\u00e7\u00e3o Mission\u00e1ria de Rio Branco Respons\u00e1vel: Rev. Den\u00edlson Claro de Sousa. E-mail: dcsrb@hotmail.com Rua Mendes S\u00e1, 535, Bahia Velha. CEP 69.911-564 \u2013 Rio Branco \u2013AC. Tel: 068.3242-2875. \u00a0 &nbsp; \u00a02.Congrega\u00e7\u00e3o Mission\u00e1ria de Ouro Preto d\u00b4Oeste Respons\u00e1vel: Rev. Den\u00edlson Claro de Sousa. Rua Rio de Janeiro, 574, Setor 2. CEP\u00a0 78.950-000 \u2013 Ouro Preto d\u00b4Oeste \u2013 RO. Fone: 069.3461-3082. Cel. 9961-0316. &nbsp; 3.Congrega\u00e7\u00e3o Mission\u00e1ria de Cerejeiras Respons\u00e1vel: Rev. Den\u00edlson Claro de Sousa Rua Joaquim Cardoso dos Santos, 1.670. CEP 78.997-000 \u2013 Cerejeiras \u2013 RO. &nbsp; 4. Congrega\u00e7\u00e3o Mission\u00e1ria de Cruzeiro do Sul. Respons\u00e1vel: Evangelista Amar\u00edzio Teles de Menezes. Email: Jonatas_ac2004@hotmail.com Rua Alagoas, 1051, Tel\u00e9grafo. CEP 69.980-000 &#8211; Cruzeiro do Sul \u2013 AC.. Fone: 068.3322-2430 &nbsp; \u00a05. Congrega\u00e7\u00e3o Mission\u00e1ria de Guaxup\u00e9 Respons\u00e1vel: Diretoria do Departamento Fone: 035.3551.4445. Rua Jacob Miguel Sabage, 126 , Jd. Coragem. CEP 37.800-000 \u2013 Guaxup\u00e9 \u2013 MG. &nbsp; 6. Congrega\u00e7\u00e3o [\u2026]\" \/>\n<meta property=\"og:url\" content=\"https:\/\/ipcb.org.br\/index\/departamento-missionario\/\" \/>\n<meta property=\"og:site_name\" content=\"IPCB\" \/>\n<meta property=\"article:publisher\" content=\"https:\/\/www.facebook.com\/igrejapresbiterianaconservadoradobrasil\/\" \/>\n<meta property=\"article:modified_time\" content=\"2018-03-19T18:57:21+00:00\" \/>\n<meta name=\"twitter:card\" content=\"summary_large_image\" \/>\n<meta name=\"twitter:label1\" content=\"Est. tempo de leitura\" \/>\n\t<meta name=\"twitter:data1\" content=\"3 minutos\" \/>\n<script type=\"application\/ld+json\" class=\"yoast-schema-graph\">{\"@context\":\"https:\/\/schema.org\",\"@graph\":[{\"@type\":\"WebPage\",\"@id\":\"https:\/\/ipcb.org.br\/index\/departamento-missionario\/\",\"url\":\"https:\/\/ipcb.org.br\/index\/departamento-missionario\/\",\"name\":\"Departamento Mission\u00e1rio - IPCB\",\"isPartOf\":{\"@id\":\"https:\/\/ipcb.org.br\/index\/#website\"},\"datePublished\":\"2017-02-27T04:05:47+00:00\",\"dateModified\":\"2018-03-19T18:57:21+00:00\",\"breadcrumb\":{\"@id\":\"https:\/\/ipcb.org.br\/index\/departamento-missionario\/#breadcrumb\"},\"inLanguage\":\"pt-BR\",\"potentialAction\":[{\"@type\":\"ReadAction\",\"target\":[\"https:\/\/ipcb.org.br\/index\/departamento-missionario\/\"]}]},{\"@type\":\"BreadcrumbList\",\"@id\":\"https:\/\/ipcb.org.br\/index\/departamento-missionario\/#breadcrumb\",\"itemListElement\":[{\"@type\":\"ListItem\",\"position\":1,\"name\":\"In\u00edcio\",\"item\":\"https:\/\/ipcb.org.br\/index\/\"},{\"@type\":\"ListItem\",\"position\":2,\"name\":\"Departamento Mission\u00e1rio\"}]},{\"@type\":\"WebSite\",\"@id\":\"https:\/\/ipcb.org.br\/index\/#website\",\"url\":\"https:\/\/ipcb.org.br\/index\/\",\"name\":\"IPCB\",\"description\":\"Igreja Presbiteriana Conservadora do Brasil\",\"publisher\":{\"@id\":\"https:\/\/ipcb.org.br\/index\/#organization\"},\"potentialAction\":[{\"@type\":\"SearchAction\",\"target\":{\"@type\":\"EntryPoint\",\"urlTemplate\":\"https:\/\/ipcb.org.br\/index\/?s={search_term_string}\"},\"query-input\":\"required name=search_term_string\"}],\"inLanguage\":\"pt-BR\"},{\"@type\":\"Organization\",\"@id\":\"https:\/\/ipcb.org.br\/index\/#organization\",\"name\":\"Igreja Presbiteriana Conservadora\",\"url\":\"https:\/\/ipcb.org.br\/index\/\",\"logo\":{\"@type\":\"ImageObject\",\"inLanguage\":\"pt-BR\",\"@id\":\"https:\/\/ipcb.org.br\/index\/#\/schema\/logo\/image\/\",\"url\":\"https:\/\/ipcb.org.br\/index\/wp-content\/uploads\/2019\/04\/Logo_IPCB-JPG.jpg\",\"contentUrl\":\"https:\/\/ipcb.org.br\/index\/wp-content\/uploads\/2019\/04\/Logo_IPCB-JPG.jpg\",\"width\":2482,\"height\":2718,\"caption\":\"Igreja Presbiteriana Conservadora\"},\"image\":{\"@id\":\"https:\/\/ipcb.org.br\/index\/#\/schema\/logo\/image\/\"},\"sameAs\":[\"https:\/\/www.facebook.com\/igrejapresbiterianaconservadoradobrasil\/\"]}]}<\/script>\n<!-- \/ Yoast SEO plugin. -->","yoast_head_json":{"title":"Departamento Mission\u00e1rio - IPCB","robots":{"index":"index","follow":"follow","max-snippet":"max-snippet:-1","max-image-preview":"max-image-preview:large","max-video-preview":"max-video-preview:-1"},"canonical":"https:\/\/ipcb.org.br\/index\/departamento-missionario\/","og_locale":"pt_BR","og_type":"article","og_title":"Departamento Mission\u00e1rio - IPCB","og_description":"CAMPOS DA MISS\u00c3O COM OS RESPECTIVOS OBREIROS \u00a01. Congrega\u00e7\u00e3o Mission\u00e1ria de Rio Branco Respons\u00e1vel: Rev. Den\u00edlson Claro de Sousa. E-mail: dcsrb@hotmail.com Rua Mendes S\u00e1, 535, Bahia Velha. CEP 69.911-564 \u2013 Rio Branco \u2013AC. Tel: 068.3242-2875. \u00a0 &nbsp; \u00a02.Congrega\u00e7\u00e3o Mission\u00e1ria de Ouro Preto d\u00b4Oeste Respons\u00e1vel: Rev. Den\u00edlson Claro de Sousa. Rua Rio de Janeiro, 574, Setor 2. CEP\u00a0 78.950-000 \u2013 Ouro Preto d\u00b4Oeste \u2013 RO. Fone: 069.3461-3082. Cel. 9961-0316. &nbsp; 3.Congrega\u00e7\u00e3o Mission\u00e1ria de Cerejeiras Respons\u00e1vel: Rev. Den\u00edlson Claro de Sousa Rua Joaquim Cardoso dos Santos, 1.670. CEP 78.997-000 \u2013 Cerejeiras \u2013 RO. &nbsp; 4. Congrega\u00e7\u00e3o Mission\u00e1ria de Cruzeiro do Sul. Respons\u00e1vel: Evangelista Amar\u00edzio Teles de Menezes. Email: Jonatas_ac2004@hotmail.com Rua Alagoas, 1051, Tel\u00e9grafo. CEP 69.980-000 &#8211; Cruzeiro do Sul \u2013 AC.. Fone: 068.3322-2430 &nbsp; \u00a05. Congrega\u00e7\u00e3o Mission\u00e1ria de Guaxup\u00e9 Respons\u00e1vel: Diretoria do Departamento Fone: 035.3551.4445. Rua Jacob Miguel Sabage, 126 , Jd. Coragem. CEP 37.800-000 \u2013 Guaxup\u00e9 \u2013 MG. &nbsp; 6. Congrega\u00e7\u00e3o [\u2026]","og_url":"https:\/\/ipcb.org.br\/index\/departamento-missionario\/","og_site_name":"IPCB","article_publisher":"https:\/\/www.facebook.com\/igrejapresbiterianaconservadoradobrasil\/","article_modified_time":"2018-03-19T18:57:21+00:00","twitter_card":"summary_large_image","twitter_misc":{"Est. tempo de leitura":"3 minutos"},"schema":{"@context":"https:\/\/schema.org","@graph":[{"@type":"WebPage","@id":"https:\/\/ipcb.org.br\/index\/departamento-missionario\/","url":"https:\/\/ipcb.org.br\/index\/departamento-missionario\/","name":"Departamento Mission\u00e1rio - IPCB","isPartOf":{"@id":"https:\/\/ipcb.org.br\/index\/#website"},"datePublished":"2017-02-27T04:05:47+00:00","dateModified":"2018-03-19T18:57:21+00:00","breadcrumb":{"@id":"https:\/\/ipcb.org.br\/index\/departamento-missionario\/#breadcrumb"},"inLanguage":"pt-BR","potentialAction":[{"@type":"ReadAction","target":["https:\/\/ipcb.org.br\/index\/departamento-missionario\/"]}]},{"@type":"BreadcrumbList","@id":"https:\/\/ipcb.org.br\/index\/departamento-missionario\/#breadcrumb","itemListElement":[{"@type":"ListItem","position":1,"name":"In\u00edcio","item":"https:\/\/ipcb.org.br\/index\/"},{"@type":"ListItem","position":2,"name":"Departamento Mission\u00e1rio"}]},{"@type":"WebSite","@id":"https:\/\/ipcb.org.br\/index\/#website","url":"https:\/\/ipcb.org.br\/index\/","name":"IPCB","description":"Igreja Presbiteriana Conservadora do Brasil","publisher":{"@id":"https:\/\/ipcb.org.br\/index\/#organization"},"potentialAction":[{"@type":"SearchAction","target":{"@type":"EntryPoint","urlTemplate":"https:\/\/ipcb.org.br\/index\/?s={search_term_string}"},"query-input":"required name=search_term_string"}],"inLanguage":"pt-BR"},{"@type":"Organization","@id":"https:\/\/ipcb.org.br\/index\/#organization","name":"Igreja Presbiteriana Conservadora","url":"https:\/\/ipcb.org.br\/index\/","logo":{"@type":"ImageObject","inLanguage":"pt-BR","@id":"https:\/\/ipcb.org.br\/index\/#\/schema\/logo\/image\/","url":"https:\/\/ipcb.org.br\/index\/wp-content\/uploads\/2019\/04\/Logo_IPCB-JPG.jpg","contentUrl":"https:\/\/ipcb.org.br\/index\/wp-content\/uploads\/2019\/04\/Logo_IPCB-JPG.jpg","width":2482,"height":2718,"caption":"Igreja Presbiteriana Conservadora"},"image":{"@id":"https:\/\/ipcb.org.br\/index\/#\/schema\/logo\/image\/"},"sameAs":["https:\/\/www.facebook.com\/igrejapresbiterianaconservadoradobrasil\/"]}]}},"_links":{"self":[{"href":"https:\/\/ipcb.org.br\/index\/wp-json\/wp\/v2\/pages\/2421"}],"collection":[{"href":"https:\/\/ipcb.org.br\/index\/wp-json\/wp\/v2\/pages"}],"about":[{"href":"https:\/\/ipcb.org.br\/index\/wp-json\/wp\/v2\/types\/page"}],"author":[{"embeddable":true,"href":"https:\/\/ipcb.org.br\/index\/wp-json\/wp\/v2\/users\/1"}],"replies":[{"embeddable":true,"href":"https:\/\/ipcb.org.br\/index\/wp-json\/wp\/v2\/comments?post=2421"}],"version-history":[{"count":10,"href":"https:\/\/ipcb.org.br\/index\/wp-json\/wp\/v2\/pages\/2421\/revisions"}],"predecessor-version":[{"id":2649,"href":"https:\/\/ipcb.org.br\/index\/wp-json\/wp\/v2\/pages\/2421\/revisions\/2649"}],"wp:attachment":[{"href":"https:\/\/ipcb.org.br\/index\/wp-json\/wp\/v2\/media?parent=2421"}],"curies":[{"name":"wp","href":"https:\/\/api.w.org\/{rel}","templated":true}]}}